 - -2258. Suppose 5*y = -515 + b. What are the prime factors of y?
163
Let x(t) = -55*t - 143. Let f(o) = 7*o + 18. Let u(s) = -33*f(s) - 4*x(s). What are the prime factors of u(-11)?
3, 11
Suppose -2*k = -4, -2*k - 4 = 2*c - 72. Let a = c - 27. What are the prime factors of a?
5
Suppose -98 = 10*j - 3*j. Let b be 1*2/(-6)*-33. Let h = b - j. List the prime factors of h.
5
Let t = 12 + -6. Suppose 0 = t*c - c - 15. Suppose -c*s + 49 = -2. What are the prime factors of s?
17
Let s(p) = p**2 + 6*p + 3. Let k be s(-5). Let c be (-89)/2*k*1. Let v = c - 57. List the prime factors of v.
2
Suppose -2888 - 105558 = -26*o. List the prime factors of o.
43, 97
What are the prime factors of ((-2)/(-2))/((-9)/(-8325))?
5, 37
Let g(q) = -5*q**3 - q**2 - 2*q + 2. Suppose -2*h - 2 = 4. List the prime factors of g(h).
2, 67
Suppose 4*f + 20 = -f, 5*r + 26 = -4*f. Let j be (r/6)/((-1)/15). Suppose x + 96 = j*x. List the prime factors of x.
2, 3
Suppose r - 2*p - 100 = 0, -3*p + p + 100 = r. Suppose c - r = 54. What are the prime factors of c?
2, 7, 11
Let b = 65 + -30. List the prime factors of (20/(-25))/((-2)/b).
2, 7
Suppose 133*j - 131*j = 2588. List the prime factors of j.
2, 647
Let v(c) be the first derivative of -3/2*c**4 - 2*c**2 + 7 - 4*c - 2/3*c**3. What are the prime factors of v(-2)?
2, 11
Let x be -6*(-2)/4 + -22. Let v = 35 + x. Suppose w = y - v, 2*w - 1 - 21 = -y. List the prime factors of y.
2, 3
Let r be 0/(-1) - (-13 + 6). Suppose r + 2 = -3*k. Let t = k + 26. What are the prime factors of t?
23
Let k(v) be the second derivative of -3*v**3/2 - 7*v**2/2 + 17*v. What are the prime factors of k(-4)?
29
Suppose -4*d + g = -184, 3*d + d + 2*g = 184. Let l = 138 - d. What are the prime factors of l?
2, 23
Let z = -19 - -55. Suppose -12 = 2*b + z. List the prime factors of (0 + 6)*b/(-18).
2
Suppose 7*l + 451 - 1963 = 0. List the prime factors of l.
2, 3
Let t(f) = 9*f - 3. Let w be t(7). Let v = w - 92. Let s = v - -80. What are the prime factors of s?
2, 3
Let g(a) = -a**3 + 7*a**2 + 99*a - 4. List the prime factors of g(14).
2, 5
Let y(n) = 3*n**3 + 89*n**2 - 6*n + 26. What are the prime factors of y(-29)?
2, 941
Suppose 10143 = 16*l - 10625. What are the prime factors of l?
2, 11, 59
Let l be -3 + (-8)/(-2) - 10. Let z(m) = 13 - 2*m + 0*m + m. What are the prime factors of z(l)?
2, 11
Let q(s) be the third derivative of s**6/40 + s**5/60 + 5*s**4/24 - 2*s**3/3 - 14*s**2. What are the prime factors of q(2)?
2, 17
Let v(u) = 21*u + 1. Let j be v(-4). Let i = 26 + j. What are the prime factors of i/(-1)*(-2)/(-3)?
2, 19
Suppose -8 = y - 3*y. Suppose -y*n + 1 = -19. Suppose -5*q - 22 = -a, 0 = n*q - 3*q + 8. What are the prime factors of a?
2
Suppose -155 - 57 = -4*u. Suppose -247 - u = -5*i. Suppose -4*w + 2*w + i = 0. List the prime factors of w.
2, 3, 5
Let s = 3 + -1. Suppose 0*u + 3*u + 5*i - 524 = 0, -s*u = -i - 332. Suppose u = j + 2*j. What are the prime factors of j?
2, 7
Let l(f) = 4*f**2 - 4*f - 4. Let x be l(10). Let m = x + -177. What are the prime factors of m?
179
Let o(s) = s**3 - 12*s**2 - 13*s + 9. Let y be o(13). Suppose 0 = y*f - 13*f - 176. Let a = f + 89. List the prime factors of a.
3, 5
Suppose -3*g - 7 = -4*m + 19, 4*m - 42 = -5*g. Suppose 748 = 4*s - 5*d, 0 = m*s - 10*s + 2*d + 374. List the prime factors of s.
11, 17
Let n = 89 + -89. Suppose n*j + y = j - 277, -2*y - 4 = 0. List the prime factors of j.
5, 11
Let m(l) be the first derivative of 4*l**2 + 13*l - 8. Let c be m(7). Suppose -2*s = -49 - c. What are the prime factors of s?
59
Suppose 1534 = 135*k - 134*k. List the prime factors of k.
2, 13, 59
Suppose 21 + 6 = -3*t. Let w = -10 - t. What are the prime factors of -2*(w/1 - 16)?
2, 17
Let c(d) = -516*d + 343. List the prime factors of c(-9).
4987
Let d be (10/(-15))/(2/(-9)). Suppose 6*u = 3*u + d. What are the prime factors of 2/(2/25) + u?
2, 13
Let n(o) = -o + 15. Let r be n(12). Suppose -r*g - g + 248 = 0. Let a = -43 + g. What are the prime factors of a?
19
Suppose -3 = z, -k + 5*k = -2*z - 6. Suppose -n + 86 - 10 = k. Suppose -3*f = f - n. What are the prime factors of f?
19
Let f(j) = 3*j**2 - 3*j - 2. Let s be f(-2). Let k = -8 + s. List the prime factors of k*(-5)/10 + 11.
7
Suppose 8*n = 3*n + 1030. Suppose l + l = n. List the prime factors of l.
103
Let p = -38 - -41. List the prime factors of p/(-5)*(9 + -64).
3, 11
Let p = 630 + -377. What are the prime factors of p?
11, 23
Let g = 0 - 0. Let y(n) = n**2 + 48. Let a be y(g). Suppose 0 = -5*w + a + 52. What are the prime factors of w?
2, 5
Let s = -11 + 8. Let l = s - -6. Let k = l + 9. List the prime factors of k.
2, 3
Let f(w) = w**2 - 8*w - 142. List the prime factors of f(-23).
571
Suppose 0 = -16*d - 44*d + 64320. List the prime factors of d.
2, 67
What are the prime factors of 1*(-9508 - 4)/(-8)?
29, 41
Suppose 3*f + w = -3*w - 4, -4*f + 4*w = -4. Let x = 62 + f. List the prime factors of x.
2, 31
Let u be 6/(-8) + 91/52. Let c(z) = -4*z**3 + 10*z**3 + 3 - u - 3. What are the prime factors of c(2)?
47
Let y = -597 + 766. List the prime factors of y.
13
Suppose 1 - 16 = -5*a. Suppose 277 - 43 = 3*p + a*f, 0 = -2*p + 2*f + 144. What are the prime factors of p?
3, 5
Suppose 0 = -5*t + 2*t + 5*a - 9, 5*a = 2*t + 11. Suppose 3*s - 2*p - 6 = 0, -6*p + t*p = 5*s - 32. Suppose -s*y + 18 = -6. List the prime factors of y.
2, 3
Suppose -2*o - i + 7 = 0, 5*o + 5*i = -1 + 21. Suppose 0 = o*r - 71 + 5. What are the prime factors of r?
2, 11
Let s(a) = -11*a + 9. Suppose 5*q + 30 = 10. Let h(u) = 23*u - 18. Let z(n) = q*h(n) - 9*s(n). List the prime factors of z(6).
3, 11
Let m = 499 + -14. What are the prime factors of m?
5, 97
Let b(p) = -3*p**3 + p**2 + 6*p + 4. Let t(v) = -2*v**3 - 3*v + 3. Let j be t(1). List the prime factors of b(j).
2, 5
Let f = 307 - 163. Suppose -16*j + 10*j = -f. What are the prime factors of j?
2, 3
Suppose 0 = q + 5*w - 644, 2*w - 420 = -3*q + 1473. What are the prime factors of q?
17, 37
Let p be -1 + (-1 - 1) + -1. Let h be 0/(2 - (-12)/p). Suppose 2*y + 0*y - 18 = h. What are the prime factors of y?
3
Suppose -3*z = 2*d + 17, 0 = 3*d + 3*z + 2*z + 25. Let c(q) = -q + 9. What are the prime factors of c(d)?
19
Let d be -16 + 0 + -2 - 1. Let y = 19 + d. Suppose 2*r = -y*r + 20. List the prime factors of r.
2, 5
Suppose 2*g = 2, -3*a = g - 176 - 1778. What are the prime factors of a?
3, 7, 31
Let u be (-1)/(-5 - -4)*3. Suppose -6*r = 2*i - u*r - 182, -i = r - 90. List the prime factors of i.
2, 11
Let t(g) = 3*g**2 + 4*g - 7. Let w be t(8). Suppose 0 = j - 5*q - w, -6*j = -j + 2*q - 1112. List the prime factors of j.
2, 3, 37
Let o be 55/(-10)*(-34 + 0). Let n = o + -100. What are the prime factors of n?
3, 29
Let p be ((-1)/(-3))/(1/(-6)). List the prime factors of (-124)/(-5)*(-5)/p.
2, 31
Suppose 0 = -17*p + 19*p, 0 = 2*u + 5*p - 132. List the prime factors of u.
2, 3, 11
Suppose 1234 = 2*s - 0*d + 2*d, -5*d = -2*s + 1227. Let h = s - 319. What are the prime factors of h?
3, 11
What are the prime factors of 13/((-13)/(-4)) + 80?
2, 3, 7
Suppose d + 11 = 3*w, -6*w + w = -4*d - 30. Let l be (-150)/(-6) + (w - -1). What are the prime factors of -16 + 16 + 1*l?
2, 7
Suppose 42*w + 377 = 43*w. List the prime factors of w.
13, 29
Let m = 29 - 21. Let o(y) = 2*y**2 - 12*y + 14. List the prime factors of o(m).
2, 23
Let z(k) = 7*k + 15. Let m = 34 - 27. Let b(t) = -13*t - 30. Let v(j) = m*z(j) + 4*b(j). List the prime factors of v(-7).
2, 3
Let h(r) = r**3 + 5*r**2 - 6*r. Let b be h(-6). Suppose 4*n - 5*n + 59 = b. What are the prime factors of n?
59
What are the prime factors of ((-36)/(-5))/1 + (-714)/595?
2, 3
Suppose -9 = -4*c - 1. Suppose 0 = -0*a + a - c. Suppose -3*i = m - 19, -4*m + a*i + 3*i = -76. What are the prime factors of m?
19
Let w(u) be the first derivative of -u**4/4 + 10*u**3/3 - 3*u**2/2 + 12*u + 24. List the prime factors of w(7).
2, 3, 23
Let p(i) = i**2 + 9*i + 3. Let x be p(-9). Suppose 2*v - 25 = x*f - 3, -5*f = -3*v + 35. Suppose v*u - 66 = -16. What are the prime factors of u?
2, 5
Let h be ((-6)/(-5))/((231/(-10430))/(-11)). Suppose 0*u + 2*u = 5*k + h, 0 = -5*u - k + 1436. List the prime factors of u.
2, 3
List the prime factors of 25*(-4 - (-9 - 10/(-5))).
3, 5
Let c be (-21*5)/(27/(-90)). Suppose 3